et z be h(i). Calculate the highest common factor of 10 and z.
5
Suppose -7*x = -6*x + 2. Let w be (-6)/x + (-17 - -18). Let y be (w/(36/(-21)))/(5/(-60)). Calculate the greatest common factor of y and 7.
7
Let g be 5/((-25)/(-990)) + 10. Let z(p) = -p**3 + p**2 + 2*p - 4. Let j be z(-3). What is the greatest common factor of g and j?
26
Suppose 3*s = o - 32 + 38, o + s - 2 = 0. Let j = 4 + o. Calculate the highest common factor of j and 26.
2
Let u be (-1)/(-30)*25 + 74/12. Let p = 216 - 139. Calculate the greatest common divisor of u and p.
7
Suppose 0 = -94*t + 97*t - 75. Let i(s) = 3*s**2 - 13*s + 12. Suppose -2*b + 6*b = 32. Let q be i(b). Calculate the greatest common factor of t and q.
25
Suppose 2*u - 8 = 0, 5*y - 4*y - 38 = 2*u. What is the highest common factor of y and 6?
2
Suppose -22*h + 20*h + 5*l = -682, -5*l = 2*h - 662. What is the greatest common divisor of h and 912?
48
Let s be 1/(-14) - ((-98350)/196)/25. What is the highest common divisor of s and 285?
5
Suppose 35*a - 39*a + 4*p + 2420 = 0, 0 = -a + 3*p + 611. What is the highest common divisor of 5762 and a?
86
Suppose 0 = -21*m + 20225 - 7625. Calculate the greatest common divisor of 1720 and m.
40
Suppose 281*i - 221015 + 113484 = 225454. What is the greatest common factor of i and 15?
15
Let p(a) = 123 + a**3 + 0*a**3 + 28*a - 84 - 63 + 0*a - 17*a**2. Let m be p(16). What is the highest common factor of 147 and m?
21
Let j = -6244 - -8071. Calculate the greatest common divisor of j and 58.
29
Let n(s) = -3*s**3 + 98*s**2 + 27*s + 306. Let q be n(33). What is the greatest common divisor of q and 11772?
108
Suppose -12*m + 24 = -10*m - 16. Calculate the greatest common factor of m and 3144.
4
Let j be 7/((-21)/9) + 0 + 53. Let u(z) = 229*z - 8. Suppose -4*b = 2*a, 5*a = -4*b - 4 + 10. Let c be u(a). Calculate the greatest common factor of j and c.
50
Let s = -14 + 19. Suppose 3*g + 2*d - 47 = 0, 4*g - s*d = 28 + 4. Let k be ((-104)/(-16))/((-5)/(-80)). What is the highest common divisor of g and k?
13
Suppose -23*w + 4 = -21*w, 390 = 2*z - w. Suppose 0*y - 16 = 4*y, y = 4*q - z. What is the greatest common divisor of q and 156?
12
Let p be 73 + 3*52/(-13). Calculate the highest common factor of p and 10309.
61
Let i be (0 - -22) + -3 - -1. Let y = -2979 - -2987. What is the highest common factor of i and y?
4
Let n = 8087 + -7853. Calculate the greatest common divisor of n and 189.
9
Let n = -140 - -421. Suppose 4*u = -g + n, -2*u + 282 = 2*u + 2*g. Let i be 78 + -73 - (-46)/2. Calculate the highest common factor of u and i.
14
Let i be (-10)/(130/169) - -1007. What is the greatest common divisor of 112 and i?
14
Let f(u) = -5*u + 2. Let p be f(9). Let q(g) = 2*g**3 - g**2 + 2*g - 52. Let m be q(0). Let n = p - m. Calculate the highest common divisor of 9 and n.
9
Let k be -3*(-3 + 8/(-16))*2. What is the highest common divisor of k and 5817?
21
Let p(f) = 238*f**3 - f**2. Let y be p(1). Suppose -3*a - 2*m + y = 0, 4*a - 2*m - 3*m - 339 = 0. What is the highest common divisor of a and 18?
9
Let o(r) = r**3 + r**2 + 373*r + 21951. Let i be o(0). What is the highest common divisor of 81 and i?
81
Suppose 26 = 6*q + 8. Suppose 0 = q*m - 0*m + 24. Let v(b) = -b + 4. Let a be v(m). What is the greatest common factor of a and 192?
12
Let j be 54302/(-57) - (-2)/3. Let h = j + 1408. Let p be -15*10/(-50)*19. What is the greatest common divisor of h and p?
57
Suppose -21*o + 2*o = -7600. Suppose -68*r + 60*r + o = 0. What is the greatest common factor of r and 25?
25
Suppose 0 = -3*v - 5*h + 437, 0 = 42*h - 41*h - 1. Let d = -133 + v. What is the greatest common divisor of d and 275?
11
Let q(p) = 2*p + 12. Let l be q(-4). Suppose 22*g - 18*g = -808. Let f = g + 205. What is the highest common divisor of f and l?
1
Let j be 15/10 + (-3217)/(-2). Calculate the highest common factor of 1035 and j.
115
Suppose 36*o - 65*o + 48*o = 380. What is the greatest common divisor of 2740 and o?
20
Let h be (221/1326)/((-1)/(-30894)). Calculate the greatest common factor of 19 and h.
19
Let x be (3 - 5)/((-10)/15). Let a be (5 - (-55)/(-10))*(-140 + 2). What is the greatest common factor of x and a?
3
Let q = -228 + 221. Let f be (-10)/(-33 + q) + (-303)/(-4). Calculate the greatest common divisor of 114 and f.
38
Let a(p) = 8*p - 105. Let j be a(18). Calculate the highest common factor of 10881 and j.
39
Let g be 0 + 1 - (17 + 2). Let n be -1*1/(1/g). Let i be (-3920)/120 + 33 - 269/(-3). Calculate the greatest common factor of i and n.
18
Suppose y + 291 = -0*z - 5*z, 0 = -2*z + y - 115. Suppose 0 = -15*m + 11*m - 160. Let v = m - z. What is the highest common factor of v and 162?
18
Let c be (4/8 + (-5 - 5))*22. Let t = 230 + c. What is the greatest common factor of t and 336?
21
Let b(x) = 467*x - 650. Let a be b(16). What is the highest common divisor of 24 and a?
6
Let i be 4*-19*5/20. Let u = 34 + i. Calculate the highest common factor of 55 and u.
5
Let w(o) = 9*o**3 - 11*o**2 + 16*o - 6. Let a(r) = 5*r + 41. Let v be a(-7). Let l be w(v). Calculate the greatest common factor of l and 91.
91
Let x be ((-81)/(-6) + -14)/(0 + 3/(-6)). Calculate the greatest common divisor of 44 and x.
1
Suppose 2*a - 243 + 171 = 0. Suppose 0 = 3*x - 6, -3*k - x + 2 = -0*k. Let p be (k + 4)/2 - -10. What is the greatest common factor of a and p?
12
Let w(n) = -n + 43. Let a be w(27). Suppose 528 = -8*l + a*l. Calculate the greatest common factor of 594 and l.
66
Suppose -14 = -38*p + 31*p. Suppose -p*a - 2*w - 1602 = -7*a, 4*w - 1626 = -5*a. What is the greatest common divisor of 23 and a?
23
Let a(q) = q**3 - 4*q**2 - q - 8. Let z be a(5). Let x = z + -8. Suppose x*u - 298 = -42. Calculate the greatest common factor of u and 32.
32
Let i be 16/36 + (-5696)/(-144). Suppose 0 = -10*g + 11*g - 10. Suppose 14 = d - g. What is the highest common divisor of i and d?
8
Suppose -m - 4 = 5*d - 22, 3*d + 164 = 4*m. Suppose -74 - m = -16*a. What is the highest common divisor of a and 7?
7
Let u be (16/(-2) - (-22)/4)/((-10)/32). Let v be (184*(-1 - -2))/1. Calculate the greatest common factor of u and v.
8
Let l(i) = -5*i + 90. Let m be l(3). Let t be (-3 + -67)*3/(-2). Calculate the highest common factor of t and m.
15
Suppose -q - 20*p + 22*p + 510 = 0, 5*p = -5*q + 2550. What is the greatest common divisor of q and 17?
17
Let l = 765 + -1532. Let m = 771 + l. What is the highest common factor of m and 28?
4
Suppose -5*s + 20 = 0, -5*x - 1532 = 5*s - 587. Let g = x + 347. What is the greatest common divisor of 44 and g?
22
Let q = 8278 - 8036. Let g(w) = 22*w**2 - 7*w + 3. Let o be g(5). Suppose -4*y + q + o = 0. Calculate the highest common factor of 38 and y.
38
Let p = 1062 + -1219. Let k = p - -531. What is the highest common divisor of k and 22?
22
Let u be 7/((-56)/(-6))*(-5 + -4 + 29). Calculate the greatest common divisor of 735 and u.
15
Suppose -99*s = 37*s + 1146 - 4682. What is the highest common factor of 4745 and s?
13
Suppose -2*a = -a - 84. Let i(j) = -60*j + 3. Let f be i(-1). Suppose 12*k - 15*k = -f. Calculate the greatest common divisor of a and k.
21
Suppose -162 = -0*a - 3*a. Suppose 0 = -16*n + 14*n + 4*k + 6, -5*k = -10. Suppose 48 = n*j + j. What is the greatest common divisor of j and a?
6
Let t be (-12)/(-24)*79818/3 - (5 + 2). What is the greatest common factor of 16 and t?
16
Let x be 8/(-164) - (-1054912)/1312. Calculate the highest common divisor of 84 and x.
12
Let p = 3754 - 3721. What is the greatest common factor of 3366 and p?
33
Let l be (-3)/4*(3939 + 9)/(-21). What is the highest common factor of 1833 and l?
141
Suppose -11*p + 12*p = 135. Let s(w) = -w**3 - 6*w**2 - 9*w. Let c be s(-6). What is the greatest common factor of p and c?
27
Let q be ((-18)/(-10))/((-207)/(-3450)). Calculate the highest common factor of 610 and q.
10
Let h(d) = 2*d**3 + 8*d**2 - 169*d - 5. Let q be h(-11). What is the highest common divisor of 380 and q?
20
Let i = 261 + -99. What is the greatest common divisor of i and 864?
54
Suppose -2*s - 3*a = -4167, 260 - 255 = a. Calculate the greatest common divisor of s and 12.
12
Let i(l) = -116*l + 18. Let f be i(-9). Suppose 1066*a - f*a = 112. Calculate the highest common factor of a and 238.
14
Suppose 5*z - 440 = -0*z. Let m = 186 - 183. S